*f + 235 = -1874. Is x a prime number?
True
Let w be (-20)/((3/(-2))/3). Suppose 2*r = -4*p + r + 20, -5*p + w = 5*r. Is 43/p + (-2)/(-8) a composite number?
False
Suppose 10 = -0*z + 5*z. Suppose -4*v + 268 = -0*v - z*m, 5*m - 110 = -2*v. Is v a prime number?
False
Let b be 25/9 + (-2)/(-9). Suppose -2*j - 11 + b = 3*p, p = -4. Is (1/j)/((-3)/(-66)) a prime number?
True
Let j(i) = i**3 - 2*i**2 + 3*i - 2. Let x be j(6). Suppose 0 = -2*b - 3*b + x. Suppose 0*m = -2*m + 2*w + b, -3*m = w - 68. Is m prime?
False
Let q = 1118 - 619. Is q composite?
False
Let x = -12179 - -21840. Is x composite?
False
Let y(k) = k**3 + 13*k**2 + 11*k. Let p be y(-12). Is p/10*1480/16 a prime number?
False
Suppose -3 = f + 2*f. Is -1 - (7 - f)/(-2) a composite number?
False
Let k = -1782 + 3041. Is k a prime number?
True
Let g be -8 + 2 + 12/6. Is (53/(-2))/(2/g) a prime number?
True
Let q = -1642 + 3969. Is q a composite number?
True
Let d(w) = w**2 - 3. Suppose 3*b = -11 + 26. Is d(b) prime?
False
Is ((-49)/(-7))/(2/10) composite?
True
Let r = 19 + -13. Suppose -4829 = -5*k - 3*a, r = -4*a - 2. Is k composite?
False
Suppose 3*w - 3453 = -0*w. Is w composite?
False
Is (2 + -6)/(6/(-573)) composite?
True
Suppose -3027 = -4*b - 991. Is b prime?
True
Let i be (-6)/12*(-1 + 1). Let z be i/2*(4 + -3). Suppose l + 0*l - 35 = z. Is l a composite number?
True
Suppose 0*a + 18 = 3*a. Let h(c) = -c**2 + 6*c + 2. Let s be h(a). Is s/(-5) - 314/(-10) prime?
True
Is 2 - -1354*3/6 prime?
False
Let q = -1226 - -1984. Is q prime?
False
Let n = 919 + -516. Is n prime?
False
Let t = 1971 - 928. Is t prime?
False
Let c(m) = m**3 - 5*m**2 + 5*m - 4. Let g be c(4). Suppose -4 = -b - g. Suppose 6*z - 2*z - 72 = -b*d, d = 2*z + 21. Is d a composite number?
False
Let r be (-346)/8 - (-2)/8. Let l = -6 - r. Is l a prime number?
True
Let p(h) = 3*h**2 + 4*h + 2. Let y = -4 - -8. Let r(k) = 3*k - 5. Let l be r(y). Is p(l) composite?
True
Suppose -z = -2*z + 3. Suppose -z*a = a + 2136. Is ((-1)/(-3))/((-2)/a) a prime number?
True
Suppose 0 = w + 5*m + 215 - 45, 316 = -2*w - 2*m. Let i = w + 372. Is i composite?
True
Let s(c) = c**3 - c**2 - 2*c + 2. Let l(k) = -2*k**3 + 3*k - 2. Let z(u) = -2*l(u) - 3*s(u). Let a be z(-3). Is -3 - (-3 - a) - -59 prime?
False
Is (6/(-4))/(((-18)/(-1068))/(-1)) composite?
False
Suppose 1475 = 5*o - 5*f, -4 = -4*f + 8. Is o a composite number?
True
Let q be 2*(2 - 1) + 0. Let h be (-10 + 3)/(1/q). Is (-1905)/(-21) + (-4)/h a composite number?
True
Suppose 12 = -f + 2*f + l, 5*f = l + 84. Let y be f/10 + (-2)/(-5). Suppose -j + x + 62 = 0, -y*j - 3*x = -3 - 121. Is j composite?
True
Let y be (-47)/4*(-1 + -3). Let o(h) = h**2 + h + 16. Let u be o(0). Suppose 3*w = y + u. Is w composite?
True
Suppose -3*y = -15, -55 = -4*b - 5*y + 210. Let j(x) = 8*x - 15. Let r be j(7). Let k = b - r. Is k a prime number?
True
Let z = -397 - -647. Suppose -6*c + c - z = 0. Let j = 87 + c. Is j a prime number?
True
Let h(k) = k + 7. Let j be h(-3). Suppose 0 = y - 3*i - 179, 330 - 1111 = -j*y - i. Is y prime?
False
Suppose s + 25 = -3*k + 161, 3*s - 220 = -5*k. Suppose -5*o + 230 = 2*y - 7*y, 0 = o + 3*y - 66. Suppose -o = -2*l + k. Is l a prime number?
False
Let t = -6112 - -9222. Suppose -4*p - p = 0, 5*x - t = -2*p. Suppose 3*u = -2*k + 463, -k = -4*u + k + x. Is u a prime number?
False
Let y be ((-85)/(-10))/((-2)/40). Let x = 319 + y. Is x a composite number?
False
Let r(m) = -m - 4. Let s be r(-3). Let p(t) = -34*t**3 + t**2 + 2*t. Is p(s) prime?
False
Suppose 2*c + 30 = d, -c - 4*c - 74 = -2*d. Let i(x) = -3*x - 4. Let h be i(8). Let s = c - h. Is s a prime number?
False
Suppose -3*i + 5 = 5*s, -3*s - 4 - 2 = 0. Is i/30 + (-34)/(-12) prime?
True
Let d(h) = h - 1. Let m be d(1). Suppose m = -4*l - 21 + 1. Let v(f) = f**3 + 6*f**2 - f + 7. Is v(l) a composite number?
False
Suppose -4*j - 5*u = 5, 5*u + 6 = 4*j + 1. Let t(h) = -17*h + 3 + 75*h + j. Is t(4) a composite number?
True
Let o(r) = 21*r. Let g(c) be the first derivative of c**2/2 + 6*c + 3. Let d be g(-5). Is o(d) a prime number?
False
Let r(m) = -m**3 + 20*m**2 - 19*m + 23. Is r(18) a composite number?
True
Let n(f) = f**3 - 6*f**2 + 5*f - 3. Let o be n(3). Let w be (-10)/o*1*3. Suppose 5*h - 224 = w*k + 2, -k - 136 = -3*h. Is h a prime number?
False
Suppose 6 = 2*q + q. Suppose 26 = q*j - 3*p, 0 = -4*j + 5*p + 6 + 46. Is j composite?
False
Is 3*3/9*3219/3 composite?
True
Let j(m) = m**3 - 4*m**2 + 2*m - 5. Let k(g) = -g**3 - g**2. Let p(f) = -j(f) - 2*k(f). Let q be p(4). Let x = -110 + q. Is x a composite number?
False
Let u(y) = y**3 + 4*y**2 + y - 1. Let n be u(-4). Let q be 3 + n*(-6)/(-3). Let d(o) = 3*o**2 - o - 9. Is d(q) a prime number?
False
Let f(a) = -7*a + 51. Is f(0) composite?
True
Suppose -7*c + 4*c + 105 = 0. Suppose -b + c = -4. Is b a prime number?
False
Let b(y) = 12*y - 61. Is b(32) a prime number?
False
Let g(m) = 51*m**2 - 6*m + 6. Let w(u) = -26*u**2 + 3*u - 3. Let q(r) = 3*g(r) + 5*w(r). Is q(2) composite?
False
Let y(s) = s**2 - s - 2. Let g be y(-2). Let c be g/2*10/4. Let m = 18 + c. Is m a composite number?
False
Let s be ((-4)/(-10))/(2/20). Suppose -s*n = -n - 36. Suppose n = 3*r + 3*b, 4*b - 7 + 3 = -r. Is r a prime number?
False
Suppose n - 408 + 53 = 0. Suppose 3*d - 350 - n = 0. Is d composite?
True
Let z = -750 + 1451. Is z composite?
False
Is 2 + 1 + 626 + 2 a composite number?
False
Let t = 7 - -7. Suppose -3*h + h + t = 0. Is h composite?
False
Suppose -12*m + 11*m = 45. Let j = 66 + m. Is j a composite number?
True
Suppose 25165 = y + 4*y. Is y a prime number?
False
Suppose -c = -5*c + 1420. Is c a composite number?
True
Suppose 5*b + 8 = -12, -2*h + 3002 = -b. Is h prime?
True
Let j(g) = -g**3 - 3*g**2 - g + 2. Let t be j(-3). Suppose 4*b + t*d - 181 = 0, 2 = 4*d + 14. Is b a composite number?
True
Let c = 2 + 1. Let o be 2/10 + 124/(-20). Is 1/c - 352/o a prime number?
True
Let h = -916 - -1659. Suppose -n - 2*v = 2*v - 265, 3*n - v - h = 0. Is n composite?
True
Let v(z) be the first derivative of 79*z**4/4 + z**3/3 - z**2 + z - 6. Let u be (1/(-3))/((-2)/6). Is v(u) prime?
True
Let x(c) be the third derivative of c**4/24 + c**3/3 + 2*c**2. Let b be x(4). Suppose b + 49 = o. Is o composite?
True
Let w be 698/7 + (-2)/(-7). Let g(r) = -9*r - 2. Let f be g(5). Let s = f + w. Is s composite?
False
Suppose 0*u - 4*m = -2*u + 98, -4*u = -4*m - 204. Is u a prime number?
True
Let p(v) = v**3 - 2*v**2 - 9*v - 9. Let k(j) = j**3 - j**2 - 9*j - 9. Let n(s) = -3*k(s) + 4*p(s). Let l be n(8). Let q = l + -34. Is q composite?
True
Let j(d) = 3*d + 7. Let g(m) = 9*m + 20. Let a(i) = 3*g(i) - 8*j(i). Suppose 4*b = 2*b + 14. Is a(b) a prime number?
False
Suppose 3*j = -5*u - 2*j + 140, u - 12 = 3*j. Let x = 40 - u. Let d = 9 + x. Is d a composite number?
True
Let l = 1779 - 1144. Is l composite?
True
Let m = 4883 - 336. Is m prime?
True
Let q(a) = -41*a**3 + 3*a - 2. Let d(p) = 83*p**3 - 7*p + 5. Let y(l) = -2*d(l) - 5*q(l). Is y(1) a composite number?
True
Suppose 2*m - 142 = 3*x, -3*m + 0*x + 224 = x. Is m a prime number?
False
Let u(h) be the third derivative of -h**5/15 + 5*h**4/24 + h**3/6 + 2*h**2. Let w be u(5). Let a = w + 121. Is a prime?
True
Let o(q) be the first derivative of q**3/3 + 11*q + 1. Let s be o(0). Is s + (-1)/(-3)*0 a composite number?
False
Let k be 3 - 0 - 0/1. Suppose 6*r - r = 675. Suppose 2*f - 141 = -k*l, -3*l - 3*f = f - r. Is l a prime number?
False
Is 1/(-5) - 3980/(-25) a composite number?
True
Let l(i) = -i**3 - 7*i**2 + 8*i + 4. Let v be l(-8). Suppose 0 = 2*p + y + v, -p + 4*y = -3*p - 4. Is 1 + 4*12 + p a composite number?
False
Suppose -g + 2*g + 7 = 0. Let u(r) = r**3 + 3*r**2 - 6*r + 5. Let t be u(-4). Let l = g + t. Is l prime?
False
Let d be (-27)/(-5) + 2/(-5). Let p(t) = 24*t - 7. Let n(i) = -i + 1. Let w(y) = 6*n(y) + p(y). Is w(d) a composite number?
False
Suppose 0 = -5*o - v + 15, 3*v + 12 = -2*o - v. Let q be 6/o + 6/(-4). Suppose 7 + 8 = -5*f, -5*z + 2*f + 36 = q. Is z a prime number?
False
Let c be (-9)/2*10/(-15). Let j(b) = 6*b**2 + 4*b + 1. Is j(c) a composite number?
False
Is (-15)/(-3 - 0) + -3 - -405 prime?
False
Let p(w) = 10*w**2 + 3*w - 3. Is p(-4) a composite number?
True
Suppose -45 = -a + 22. Is a prime?
True
Let v be (-3